 n composite?
True
Let q(m) = 0 + 4 - 9*m + 7*m**2 - 2*m + 3*m. Is q(5) prime?
True
Let n be -3 - 9/((-18)/1360). Suppose 1543 + n = 4*f. Suppose -6*k + f = -3*k. Is k a composite number?
True
Suppose 5*y - 5*v + 40 = 0, -4*y = 2*v - 3*v + 41. Let a(m) = 7*m**2 + 4*m - 9. Is a(y) prime?
False
Is ((-8)/(-48)*6)/((-1)/(-1367)) a composite number?
False
Let u = 71 - 47. Let f be (-5612)/u + (-2)/12. Let s = f - -415. Is s a composite number?
False
Let g(q) = 3*q**3 + 6*q**2 + 7*q + 6. Suppose 2*x = -4*v - 24, -1 = 2*x + 3. Let n be g(v). Let j = n - -673. Is j a composite number?
False
Suppose -4*a + 215 + 1121 = 2*d, 0 = -d. Is a a prime number?
False
Let k = -3 + 14. Let u = k - -108. Let o = u + -52. Is o a composite number?
False
Let u be (-5)/15 + (-16)/24. Let t(o) = 0 - 2 - 200*o + 3. Is t(u) a composite number?
True
Suppose -2*n + 4068 = 4*w - 2702, 5077 = 3*w + 2*n. Is w a composite number?
False
Let r = 2652 - -1210. Is r a prime number?
False
Let c(h) = -10*h - 11*h - 46*h + 26*h - 45*h - 9. Let k be 2*-2*(-14)/(-8). Is c(k) prime?
True
Is (-1545)/(-225) - 7 - 103577/(-15) prime?
False
Let a(b) = -b**3 + 4*b**2 + b + 9839. Is a(0) composite?
False
Let i(a) be the second derivative of -a**3/6 - a**2 + 5*a. Let m be i(-4). Suppose -3*f + 1115 = m*f. Is f a prime number?
True
Let c(b) = -2*b**2 + 11*b - 4. Let k(y) = y**2 - 12*y + 4. Let j(q) = 2*c(q) + 3*k(q). Let t = 8 + -19. Is j(t) composite?
False
Suppose 4*b + 1306 + 20496 = 2*n, -5*n + 2*b = -54513. Is n composite?
False
Let r(j) = -449*j**3 - j**2 + 1. Let w = 30 + -28. Suppose 0 = 6*h - 8*h - w. Is r(h) prime?
True
Let q(w) = 745*w**2 + 11*w - 13. Is q(-4) a composite number?
False
Suppose 0 = -3*o + 8*o - 85. Suppose -76 = -3*u + o. Is u a composite number?
False
Let z = -1094 - -8133. Is z a prime number?
True
Suppose 12 + 4 = 4*o. Suppose -5*f + 978 = 2*h, 2*h = o*f - 2*f + 1006. Is h prime?
True
Let y be 11744/80 + 1/5. Suppose y = 3*k - 363. Suppose o - 506 = -2*j + k, 2*j - 682 = 2*o. Is j a composite number?
True
Suppose 5 = -19*h + 20*h. Suppose 3*n - 9235 = -5*m, n + 4*n + 9235 = h*m. Is m a composite number?
False
Suppose 0*l = -4*l + 20. Suppose -3*i - 604 = l*m - 2156, 5*i + 316 = m. Is m a composite number?
False
Let z be (-35090)/45 + (-2)/9. Let b = z + 1175. Is b/(2 + 1 + -2) composite?
True
Suppose -w + 3709 = -5*w - 3*m, 15 = -5*m. Is (-1)/((-6)/(-8)) - w/3 composite?
False
Let k be (65/(-39))/(2/(-12)). Let b = k + -7. Is (-2)/(-2)*(b + 806) a composite number?
False
Suppose 6*b - 7*b + 11669 = 4*d, -3*b + 34968 = -d. Is b a composite number?
False
Suppose 0 = -14*d + 13*d - 2. Let f = 9 - d. Is f prime?
True
Let t(n) = n**2 + 8*n + 19. Let u be t(-5). Suppose 4*w = -2*l + 3174, -u*w + 1597 = 2*l - l. Is l composite?
True
Is -194777*(-5 - -4 - (1 - 1)) composite?
True
Suppose 289 = -7*w + 10614. Let p = w - 802. Is p a prime number?
True
Suppose 492*x - 497*x = -68965. Is x prime?
False
Suppose 0 = 4*c - 2*c - 4. Suppose 3*j = c*j + 273. Suppose -4*n + j = 5*x - 758, -4*x = 3*n - 774. Is n a prime number?
False
Let a be (1 - 2)/(2/(-6)). Suppose -2*t - 7 + a = 5*l, -2*l - t - 2 = 0. Is (5 + l)*(21 + 2) a prime number?
False
Let b be (-352)/9 + (-1)/(-9). Let t = b + 145. Suppose 3*y - 32 - t = 0. Is y composite?
True
Suppose 9*k = o + 7*k - 2323, 2*k = -3*o + 7009. Is o a composite number?
False
Let k(i) = i**2 - 5*i - 1. Let z be k(4). Let u = 8 + z. Suppose 426 = u*j - 57. Is j composite?
True
Let y(n) = n**3 - 75*n**2 + 145*n + 140. Is y(81) a prime number?
False
Suppose -g = 2, -3*g - 7020 = 3*b - 4*b. Suppose -4*a - b = -2*x - 2792, 4*x - 8459 = 3*a. Is x prime?
False
Suppose -3*h + 537 + 489 = 0. Let g(m) = 280*m - 48*m + h*m + 315*m. Is g(1) composite?
True
Suppose -9*z - 199249 = -32*z. Is z a prime number?
True
Suppose 16*g + 137576 = 24*g. Is g prime?
False
Suppose 36 = 3*d + 3*i, 3*d + 0*d + 2*i = 40. Let q be 4*d*28/8. Let y = q + 107. Is y a prime number?
True
Is (-19)/(247/(-133068)) + 7/1 composite?
False
Let n(z) = z**2 - 11*z + 4. Let f be n(10). Is f/(-18) - 968/(-3) prime?
False
Let a(k) = -577*k + 6. Let i(m) = -5192*m + 55. Let t(w) = -55*a(w) + 6*i(w). Let b be (6 - (-2)/(-2)) + 1*-4. Is t(b) composite?
True
Let y be ((-16)/(-100)*5)/((-2)/(-25)). Suppose -7*h + y*h = 897. Is h a prime number?
False
Let m(h) = h**2 - 5*h + 14. Suppose 3*l - 2*l + 8 = 0. Is m(l) a composite number?
True
Suppose 2*w - 2*m - 5390 = 1894, -4*m - 20 = 0. Is w a composite number?
False
Let t(z) = 2*z - 6*z + z**3 + 7*z**2 + 2*z + 7 - 5*z. Is t(8) a composite number?
False
Let m = 4273 + -1376. Is m a composite number?
False
Let t(s) = -3199*s + 62. Is t(-3) composite?
True
Let x = 33 + -18. Let c be 0*(2 - x/9). Suppose 5*h + 164 - 499 = c. Is h a composite number?
False
Let x(o) = -5*o - 2. Let n(g) = -g. Let m(s) = 4*n(s) - x(s). Let k be m(3). Suppose 7 = k*u - 228. Is u composite?
False
Let c(f) = 48*f**3 + 7*f**2 + 24*f - 122. Is c(7) prime?
False
Suppose -2*p = -8, 2*s - 2*p = -7*p + 298. Is s prime?
True
Let p(j) = 43*j + 10. Let o be p(13). Suppose 2*l - o = -147. Is l prime?
True
Suppose 0 = -3*u + 17 + 133. Let r = 43 - 265. Is (r/(-10))/(10/u) prime?
False
Let l(k) = 8460*k**2 + 4*k - 3. Is l(1) composite?
False
Suppose 4 = -2*g - 4. Let f be (-78)/g*30/9. Let u = -46 + f. Is u prime?
True
Let w(p) = 2*p**3 + 3*p**2 + 3*p + 1. Let q be w(4). Suppose t + 4*x = q, t - 114 = 3*x + 40. Let j = 258 - t. Is j a prime number?
True
Suppose 0 = -4*r - 16, -3*z - 2*z - r + 3816 = 0. Suppose -5 + 13 = 4*n. Suppose n*u + 2*u = -v + z, -382 = -2*u + v. Is u a composite number?
False
Let l(n) = n + 3. Let u be l(-3). Suppose u = -8*m + 119 + 1889. Is m a prime number?
True
Suppose -2*p - 5 + 7 = 0, -p - 44061 = -2*s. Is s prime?
True
Let w be (9/3)/((-12)/(-412)). Let v = w - -570. Is v a composite number?
False
Let x(b) = 1180*b**2 - 6*b - 3. Is x(-2) a composite number?
False
Suppose 5*g + 144 = g. Let i be (-640)/g + 4/18. Is (12/i)/((-2)/(-129)) prime?
True
Let m = 60 - 46. Suppose 12*j + 682 = m*j. Is j a composite number?
True
Suppose -222 = 2*k - 562. Suppose c = k + 39. Is c composite?
True
Let n(f) = -44*f + 1. Let o be n(-1). Let d = 422 + -358. Let l = d - o. Is l prime?
True
Let l(u) be the third derivative of u**5/15 - 5*u**4/24 - 25*u**3/3 + 18*u**2. Is l(-9) prime?
False
Suppose 5*j + 3 = -17. Let c(q) = 7*q**2 - 1. Let m be c(j). Is m/6*1*14 a composite number?
True
Let l(r) = 32*r + 4 - 2 - 3. Let x = 261 + -254. Is l(x) composite?
False
Let n = 283 + -150. Let q = n - -2344. Is q a prime number?
True
Let d = 9 + 32. Let f = d - 31. Is f a prime number?
False
Let f(n) = 4 + 25 - 17*n + 12*n - 1 + 4*n**2. Is f(-9) a composite number?
False
Let v = 2764 + 5073. Is v composite?
True
Suppose -7*q = -39437 + 2526. Is q a composite number?
False
Suppose 0 = -6*u + 5 + 7. Suppose 3*j = -3*n + 3282, -6*j + u*j + n = -4401. Is j a prime number?
False
Suppose 0 = -5*o - 5*z + 5 - 60, -o - 11 = -z. Let n = -591 + 305. Is ((-82)/(-4))/(o/n) prime?
False
Let r(w) = -2*w**3 + 4*w**2. Suppose v - 1 = 2. Let s be r(v). Is (-12)/s*(-279)/(-6) composite?
False
Let w be 2/((-2)/3) + -69. Let i = -3 + w. Let v = i - -217. Is v a prime number?
False
Suppose -1 = -3*c - 13. Suppose 2*m - 5*y + y + 6 = 0, 2*m + 38 = -4*y. Let f = c - m. Is f a prime number?
True
Suppose 2*f = 10 - 2. Suppose -f*b + 117 = -1411. Is b a prime number?
False
Let f be 8/(-24) - (-331)/3. Let s = -31 + f. Is s prime?
True
Is (8 - (-8 + 10)) + 47927 a prime number?
True
Suppose 5*z - 5*f = 920, -922 = -4*z - 3*f - 207. Suppose b = -2*g + 57, -3*b = g - 5*g - z. Is b a composite number?
False
Suppose -l + 0*l - i = 2652, 0 = 2*l - 3*i + 5299. Let u = -1534 - l. Is u prime?
True
Suppose 3*v - m + 2*m = 18889, -v + 5*m = -6307. Suppose 2*u - 3*x = 4198, -3*u - 3*x + 5*x + v = 0. Is u a prime number?
True
Let y = 2114 - 927. Is y prime?
True
Let y(a) be the third derivative of a**6/120 + a**5/10 + 5*a**3/6 + 5*a**2. Let r be y(-6). Suppose -8*t + r*t + 1671 = 0. Is t a composite number?
False
Suppose 0 = 3*f + 2*f - 10. Suppose f*v + 23 - 205 = 0. Suppose -g - w + v = 0, -w - 479 = -8*g + 3*g. Is g composite?
True
Is 120/(-10) + 9057 + 1 a prime number?
False
Let i be ((-5)/2)/(-5) + (-63)/(-4